e the highest common factor of x and y.
43
Let i be (-2 - 0)/(-2) + 2. Let g be 5/20 - 2154/(-24). Suppose 5*l - 3*m = g, 5*l + 3*m - 17 = 43. Calculate the greatest common factor of i and l.
3
Let o(m) = -2039*m + 8. Let w be o(-1). Let a = w + -1408. Calculate the greatest common factor of a and 9.
9
Let k = 3115 + -3101. Calculate the greatest common divisor of k and 301.
7
Let l(a) = -4*a + a + 201 - 191. Let m(h) = -1. Let f(x) = l(x) - 6*m(x). Let z be f(4). Calculate the highest common factor of z and 4.
4
Let x(p) = -p**3 + 22*p**2 + 12*p - 179. Let q be x(20). What is the greatest common divisor of 2016 and q?
21
Let r(o) = o**2 + 33*o + 219. Let u be r(-34). Calculate the highest common factor of 55 and u.
11
Let b be (-87)/4*(-80)/30. Let c(j) = 2*j**3 - 49*j**2 + 39*j - 99. Let s be c(24). Calculate the highest common divisor of s and b.
29
Let g(l) = l**2 - 9*l + 11. Let m be g(8). Suppose -m*v + 31 = 4*r, -4*v + 2*r + 0*r = -34. What is the greatest common factor of 243 and v?
9
Let h = 7 - -5. Let i(g) = 4*g**2 - 62*g + 42. Let m be i(15). What is the greatest common factor of h and m?
12
Suppose 0 = 73*v + 80*v - 2907. Calculate the highest common factor of 589 and v.
19
Let z = 79 - 79. Suppose -c - 17 = -3*q, z = -3*q - 3*c + 2*c + 25. Calculate the greatest common divisor of 35 and q.
7
Let j be (-619)/(-9) + -4 + 12/270*5. What is the greatest common factor of 155 and j?
5
Let h = -136 + 146. Let u(z) = -z**3 + 16*z**2 - 24*z + 27. Let y be u(h). What is the highest common factor of 43 and y?
43
Suppose 0*r + 6 = 3*r. Let v(y) = 2*y + 131 - 19 - 65 + 0*y. Let w be v(-23). What is the highest common factor of r and w?
1
Let a = -36 + 57. Suppose -27*t = 7856 - 22031. Calculate the greatest common factor of a and t.
21
Suppose -4*c - 184 = 4*k, -2*k + 5*c - 72 = 2*c. Let t(p) = 3*p**2 - 25*p + 96. Let b be t(5). Let w = k + b. What is the greatest common factor of 20 and w?
4
Let v(k) = -k**3 + 8*k**2 + k - 2. Let q = 129 + -122. Let p = q - -1. Let o be v(p). What is the highest common factor of o and 54?
6
Suppose 43*f = 38*f + 1190. Suppose -4*g + f = -2*g. Suppose j + g = 2*j. What is the highest common factor of 17 and j?
17
Let j(n) = n**3 + 9*n**2 + 5*n + 15. Suppose -4*v = -4, h + 0*h - 4*v + 12 = 0. Let m be j(h). Calculate the greatest common divisor of m and 273.
39
Let a(x) = 14*x - 2286. Let q be a(199). Calculate the greatest common factor of 2100 and q.
100
Let r be 50/2 - (0 + 1)*-1. Suppose -4*s + 5*s - 169 = 0. What is the greatest common factor of r and s?
13
Suppose 4*a - 261 = 67. Suppose -4*f + v = -659, -21*f + 16*f + 796 = 8*v. What is the highest common factor of f and a?
82
Suppose -4*y - 26 = -22, -2*y = -5*j + 2682. Let p = 558 - j. What is the greatest common divisor of 165 and p?
11
Let a be 1/7*24012 - ((-960)/280)/(-12). Calculate the highest common divisor of 560 and a.
70
Suppose 38*u = 28*u. Suppose -3*a - 2*p + 95 = u, a - 3*p - 6 - 11 = 0. What is the greatest common factor of 87 and a?
29
Suppose -1281*g - 756 = -1308*g. Let q be (4 + 150)/(2/2). Calculate the highest common factor of q and g.
14
Let z = 392 - 236. Let m = 216 - z. Calculate the highest common factor of 15 and m.
15
Suppose 0 = -4*z - o + 964, 0 = 2*z - 23*o + 20*o - 496. What is the greatest common factor of z and 110?
22
Let m be 30/(14*18/63 - (-271)/(-68)). What is the greatest common divisor of m and 20?
20
Suppose 143*d - 146*d - 12 = 0, 3*t + 4*d - 2768 = 0. Calculate the highest common factor of 128 and t.
32
Suppose -4*s + 61834 = 3*z, -263*s = -260*s - 3. Calculate the highest common factor of z and 90.
90
Suppose -2*s + t + 33 = 0, -225 = -5*t - 210. What is the highest common factor of 942 and s?
6
Suppose -2*h - 54 = -5*h + r, -h + 3*r = -10. Suppose -5*u + h + 1 = 0. Suppose u*j + 23 - 60 = 3*s, 1 = s. Calculate the greatest common factor of j and 15.
5
Let p(o) = 26 + 42 + 20*o + 11*o - 25*o. Let c be p(-10). Let h = -56 + 96. Calculate the greatest common divisor of c and h.
8
Suppose 2*d + 26 = x - 0*d, -d = -3*x + 88. Let p = x - 1. What is the greatest common divisor of 377 and p?
29
Let k(r) = -37*r**2 - 1332*r + 45. Let n be k(-36). Calculate the highest common divisor of n and 305.
5
Let s(p) = -p**3 - 56*p**2 - 3*p - 114. Let n be s(-56). Calculate the greatest common divisor of 7 and n.
1
Suppose 8 = 15*i - 13*i. Suppose 4*a = -5*o + 241, -i*a + 2*a + 8 = 0. Calculate the highest common divisor of 90 and o.
45
Let b be ((-75)/9)/((-2)/12). Suppose -4*j + 5*t - 38 = -7*j, 3*j - t = b. What is the highest common factor of 512 and j?
16
Suppose -3*f + 140 = 4*s, 2*f = 6*f - 16. Suppose -14*h - s + 130 = 0. Calculate the greatest common divisor of 7 and h.
7
Let x be (-12 - -10) + 4 + 0 + 456. Suppose x - 274 = 8*q. What is the greatest common factor of q and 23?
23
Let d = -98 + 93. Let y be 13 + 0 + -3 - (-5 - d). Let s be -2*-2*15/4. What is the highest common factor of y and s?
5
Let b = 145 + -76. Let l(f) = f + 14. Suppose 135 = 17*w - 2*w. Let h be l(w). Calculate the greatest common divisor of h and b.
23
Let d = 7291 + -7234. What is the greatest common divisor of d and 48?
3
Let t be 52*2*(-9)/(-24). Let x(i) = -i**2 + 7*i - 7. Let w be x(4). Suppose -w*h = -u - u - 57, 4*h - 44 = 2*u. What is the highest common divisor of t and h?
13
Suppose 5*o = -2*b + 7*b - 1460, 4*b + 4*o - 1128 = 0. Let z(a) = -6*a**2 + 629*a + 9363. Let t be z(118). Calculate the greatest common factor of t and b.
41
Suppose 0 = 4*q + 3*f + 69, -39 = 3*q - 2*f - 0*f. Let x be 2 - q - (24 - 19). Suppose -x*b = 1385 - 6665. What is the highest common divisor of 40 and b?
40
Let z(y) = 9*y - 154. Let v = -611 + 632. Let p be z(v). What is the greatest common divisor of 105 and p?
35
Suppose 40*j + 256 = 56*j. Suppose 0 = -p + 70 + 106. What is the highest common divisor of p and j?
16
Suppose 5*v = 0, 12*v = -4*j + 17*v - 1232. Let u = j - -728. Calculate the highest common divisor of 20 and u.
20
Suppose 8575 = 44*z + 24*z - 19*z. Calculate the highest common factor of z and 1925.
175
Let o be (2 + 0)*(-2 - 114/(-12)). Suppose -25*p + 150 = -o*p. Calculate the highest common divisor of 30 and p.
15
Suppose 7583*w - 40127 = 7615*w - 692639. What is the highest common divisor of w and 21?
21
Let f(d) = 3*d**2 + 3*d - 44. Let b be f(-5). Let v = 28 + -24. Suppose -38 = -5*m - v*k + 2*k, -37 = -4*m + 5*k. What is the highest common divisor of b and m?
8
Let s be 1 + (-40)/(-30) + 316/6. Suppose i + 21 - s = 0. Calculate the greatest common factor of i and 17.
17
Let h = -9335 - -9380. What is the highest common factor of 63 and h?
9
Suppose 5*s - 151 = -y, -310*y + 307*y + 403 = 5*s. What is the greatest common factor of 414 and y?
18
Suppose -2*o + 107 + 73 = 0. Suppose 6*y + 5*l - o = y, 5*y - 5*l = 140. Calculate the greatest common factor of 253 and y.
23
Suppose 32*d - 2922 = -1778 + 6344. Calculate the highest common factor of d and 126.
18
Suppose -i = -2, -6*i + 200 = -2*g - 2*i. Let n be (-1146)/g*4 - (-2)/8. Calculate the greatest common divisor of n and 16.
16
Let w = -211 + -123. Let v = w + 544. What is the greatest common factor of v and 12?
6
Let b be 5 + 15405/30 - (15/(-2))/5. What is the greatest common factor of 455 and b?
65
Let h = 1818 - 1223. Calculate the greatest common divisor of h and 1020.
85
Let y be 9/(-15) + -78*185/(-50). Let r be ((-8)/10)/(248/(-120) - -2). Calculate the greatest common divisor of r and y.
12
Let g be 0 - (1/6 + 18162/(-108)). Suppose 14*z - 12*z = g. What is the highest common divisor of 72 and z?
12
Suppose -3*s - 109 + 239 = m, -3*m - 240 = -5*s. What is the greatest common divisor of 909 and s?
9
Suppose 4*d = -12, 0 = -j - 81*d + 77*d + 34634. What is the greatest common factor of j and 34?
34
Let w = -20 - -32. Suppose -6*v + w*v - 36 = 0. Let i = 48 - v. What is the greatest common divisor of i and 105?
21
Let l = 211 - 197. Suppose 2*i = -d + 52, l*i + 69 = 2*d + 11*i. What is the greatest common divisor of d and 42?
42
Suppose -2*m + 4*o = -84, o = -3*m + 3*o + 126. Suppose m = 9*x - 1479. Calculate the greatest common factor of 13 and x.
13
Let h(n) = n**2 - n - 15. Let l be h(-6). Suppose 22*p = l*p. Suppose p = 4*v - 545 - 95. Calculate the highest common fa